4. Suppose -59 = r - 6*r - 3*m, -5*m = 10. What is the highest common factor of u and r?
13
Let g = 955 - 835. Suppose -l - 2*l + 45 = 0. Calculate the highest common divisor of l and g.
15
Let f be -28*(-12)/(72/30). Calculate the greatest common factor of 42 and f.
14
Suppose -2*r - r = -51. Let m be (-2 + -3)*(1 - 52). Suppose -6*c = -c - m. Calculate the greatest common divisor of c and r.
17
Let u(d) = 58*d + 587. Let q be u(-9). Suppose 0 = 4*g - 2*g - 10. What is the greatest common divisor of q and g?
5
Suppose -4*p - 2 = -6, 0 = -5*m - 5*p + 20. Suppose 4*w + 9 = -m, -130 = -y + 3*w. What is the highest common factor of 11 and y?
11
Let s be (-20)/((1 - (-105)/(-20)) + 4). What is the greatest common divisor of s and 12?
4
Let j(f) = f**2 - 7*f - 7. Let h be j(9). Let t be 8/((-8)/(-48) + h/6). What is the highest common factor of t and 28?
4
Let u(h) = -4*h + 4. Let b be u(-5). Let n be (133/21 + -5)/((-34)/18 - -2). Calculate the highest common divisor of n and b.
12
Let i be (4 + (-105)/9)*-3. Let s = i + -15. Suppose r - 12 - 28 = 0. Calculate the greatest common divisor of s and r.
8
Let h be (12/4)/(6/774). Calculate the highest common factor of h and 1677.
129
Let r = 212 + -196. What is the greatest common factor of 496 and r?
16
Suppose 1138 = 2*n - 2*x, -5*x - 159 = -n + 414. What is the highest common factor of n and 8?
8
Let i(r) = 10*r**2 - 5*r - 3. Let b = -18 + 13. Let f be i(b). What is the greatest common factor of 34 and f?
34
Let w = -27 - -19. Let g be (-6)/w + 273/52. What is the highest common divisor of g and 12?
6
Let q(c) = 141*c**2 + 17*c - 125. Let a be q(6). What is the highest common divisor of 31 and a?
31
Let c = 5 - 3. Suppose s = -5, -b + 55 = 4*b - s. Suppose 9*a - 4*a - b = 0. Calculate the highest common divisor of a and c.
2
Suppose -5*z = -20*z + 675. Calculate the highest common divisor of 855 and z.
45
Let b = -1467 - -1469. Calculate the greatest common factor of 166 and b.
2
Let y(r) = -r**2 + 12*r + 20. Let q be y(-12). Let h be q/(-2) + ((-5)/1 - -6). Calculate the greatest common factor of h and 15.
15
Let u = -38 + 40. Let r be (-23 + 3 + 0)*(-11)/u. Suppose -19 = -2*q + 1. What is the highest common factor of q and r?
10
Let x be ((-2)/(-6)*-2)/(102/(-4131)). Let q = 65 + -38. Calculate the highest common factor of x and q.
27
Suppose 0 = -4*r + 17*r - 2262. Let o = -34 + r. Calculate the greatest common factor of o and 28.
28
Suppose 4*s = 2*j + 910, 28*s - 33*s = -5*j - 1150. Calculate the greatest common divisor of 315 and s.
45
Let p = -1271 + 1783. What is the highest common factor of p and 8?
8
Let a(w) = -3*w + 45. Let l be a(0). Suppose 0 = -0*v + v - l. What is the greatest common factor of 30 and v?
15
Let y be 121404/120 - 8 - (-3)/10. What is the greatest common factor of y and 4?
4
Let s be (-14)/21*(2 - 56). What is the highest common factor of 8 and s?
4
Let a be ((-3 - -3)/2)/3. Suppose 2*q - 2 = -c - a*c, 0 = 5*q - 3*c - 27. Let v be (3/3)/((5 - 11)/(-54)). Calculate the greatest common divisor of q and v.
3
Let z(h) = 426*h**2 - 8*h + 7. Let j be z(1). Calculate the greatest common divisor of 25 and j.
25
Let l(o) = -o**3 - 5*o**2 + 4*o + 2. Let w be 2/8 - (-125)/(-20). Let p be l(w). Calculate the highest common divisor of 56 and p.
14
Let s = -180 + 182. Calculate the greatest common factor of s and 4.
2
Let w = -42 + 42. Suppose -5*i - 15 + 75 = w. Let s(q) = q**3 - 2*q**2 + 7*q - 2. Let v be s(5). Calculate the greatest common factor of i and v.
12
Let b(o) = -4*o - 14. Let y be b(-4). Let v = 11 + 11. Calculate the greatest common divisor of y and v.
2
Suppose 10*v - 23 = 7. Suppose -5*p = 3*d - 69, 9*p - 5*p = v*d + 39. Calculate the highest common factor of 24 and p.
12
Let b = 77 - 144. Let r = -57 - b. Calculate the greatest common divisor of 15 and r.
5
Suppose -3*s - 3*a = -a - 1088, s + 4*a = 376. What is the highest common divisor of 45 and s?
45
Suppose -9*j + 19*j - 1410 = 0. Calculate the greatest common divisor of j and 188.
47
Suppose o - 3*c = -o + 43, 3*o + 2*c = 97. Let f be (-522)/8*(-120)/90. Calculate the greatest common factor of o and f.
29
Let k be (30/(-4))/(33/(-22)) - -112. What is the greatest common factor of k and 156?
39
Suppose -848*c + 843*c = -1000. Calculate the highest common divisor of c and 325.
25
Let m(s) = -4*s + 4. Let h be -2 - (-2 + 9 + -2). Let r be m(h). Let z be 0/(-5) + -3 + 7. Calculate the highest common factor of z and r.
4
Let m(z) = 192*z - 435. Let n be m(4). Calculate the greatest common factor of n and 36.
9
Let t(i) = -i**2 + 9*i + 5. Let d be t(9). Let b be d - (2 + -1 + 2). Suppose b*x - 3*x = -24. What is the highest common factor of x and 12?
12
Suppose -5*h + 13 = -3*x - 0, 5 = 5*h + 5*x. Let f be (-18)/h*(-35)/15. Let q(g) = -11*g - 1. Let p be q(-2). What is the greatest common factor of f and p?
21
Let k(r) = -61*r - 162. Let p be k(-5). What is the greatest common factor of 13 and p?
13
Let j = 0 + 2. Suppose 2*b = -n + 6, 0 = -2*b - 2*b - n + 14. Let x be 5 + 6/b*j. Calculate the greatest common divisor of x and 4.
4
Suppose -2*u + 16 = -5*x - 41, 2*x + 174 = 5*u. Suppose 2 = -2*a, -2*b + 3*a + u = a. Calculate the highest common divisor of 136 and b.
17
Let o be 474/9 - (-40)/30. Suppose 5*p + 227 = 587. Suppose 0 = u + u - p. What is the greatest common divisor of o and u?
18
Let d(c) = -115*c + 72. Let v be d(-13). Suppose v - 535 = 4*t. What is the greatest common divisor of 43 and t?
43
Let g(s) = 5*s**2 + 4*s + 8. Let n be g(-9). Calculate the highest common divisor of n and 87.
29
Let w(c) = c**3 + 9*c**2 + 10*c + 12. Let x be w(-8). Let k(m) = 6*m**2 - 6*m - 16. Let y be k(x). Calculate the highest common divisor of 26 and y.
26
Let q(x) be the first derivative of x**4/4 + 7*x**3/3 - 11*x**2 - 14*x + 37. Let h be q(-9). Calculate the highest common factor of 66 and h.
22
Suppose 3*r + m = 100, r + r + 2*m - 64 = 0. Suppose 4 = -6*i + 10*i. Let z be -102*i*(-4)/8. Calculate the highest common factor of r and z.
17
Let r be (50/(-15))/((-10)/345). What is the greatest common divisor of r and 5?
5
Let s = -22 - -21. Let r be 12 + s + (-4 - -4). Suppose 2*f - 6*f = y - 32, r = 3*y - 5*f. Calculate the highest common factor of y and 84.
12
Let d(a) = a**2 + 13*a + 13. Let o be d(-9). Let l = 24 + o. Let z be (-11)/(-1 - -1 - l). What is the greatest common divisor of 1 and z?
1
Suppose 5*f + 4*m - 76 = 0, -9*m - 12 = -12*m. Let v be (2 + 128/(-10))*-5. Calculate the greatest common factor of f and v.
6
Suppose p = -5*b + 145, 4*b - 5*p = 169 - 24. Let i(u) = -u**3 + 6*u**2 + 2*u. Let v be i(6). Calculate the highest common divisor of b and v.
6
Let i(d) = 35*d**3 + d + 1. Let m be i(-1). Let r = -25 - m. Let t = 44 + 46. What is the greatest common divisor of t and r?
10
Suppose -325 = s - 6*s. What is the highest common factor of 10 and s?
5
Let u = 6 - -2. Let o(s) = -s**3 + 9*s**2 - 6*s - 4. Let w be o(u). What is the greatest common divisor of 16 and w?
4
Let i be 10/(-35) - (-79)/7. Let k = i - 1. What is the greatest common factor of 80 and k?
10
Let o(c) = 5*c**2 + 16*c + 25. Let m(q) = -9*q**2 - 31*q - 49. Let j(a) = -6*m(a) - 11*o(a). Let s be j(9). What is the greatest common divisor of s and 252?
28
Let q = 2359 - 1549. What is the greatest common divisor of q and 10?
10
Suppose 44 = 22*n - 11*n. Suppose 4*x + 2*c - 11 = 15, -4 = -n*c. Calculate the highest common divisor of x and 6.
6
Let p = 37 + -250. Let x = 147 + p. Let j = 120 + x. Calculate the greatest common divisor of j and 18.
18
Suppose 2*l - 783 = -7*l. Calculate the greatest common divisor of 232 and l.
29
Let p(l) = -l**3 + 2*l**2 + 9*l + 13. Let a be p(-2). Calculate the highest common factor of a and 253.
11
Suppose 2*z = 9*z - 28. Suppose 4*y - 601 = -z*f - 233, -2*y - 5*f + 184 = 0. What is the highest common factor of 230 and y?
46
Suppose 8*p - 3*p = 4*x, 4*x = p - 16. Let t be 15/x*(-24)/9. What is the highest common factor of 24 and t?
8
Suppose -3*t - 61 = -418. Let n = t + -421. Let h be 8/36 + n/(-18). What is the highest common factor of 17 and h?
17
Suppose f - 5*z - 965 = -2*f, -319 = -f + z. Let q be (-3)/(-12) - (f/20)/(-1). What is the greatest common factor of 56 and q?
8
Suppose -16 = -5*d + 3*d. Sup